4/4 + o**3/3 - o**2/2 + 4*o - 12. Give s(l).
-11
Let x(i) = i**3 - 4*i**2 - 8*i + 1. Let c = -24 - -30. Give x(c).
25
Let u(y) be the first derivative of -y**2/2 + 89. What is u(-1)?
1
Let o(r) = -20*r + 29. Let u(n) = -7*n + 10. Suppose -3*z + 0*z = -39. Let l = z + -19. Let h(g) = l*o(g) + 17*u(g). Calculate h(5).
1
Let x(p) = -3*p**2 - p + 7. Let b be x(2). Let t = 10 + b. Let f(i) be the first derivative of -i**4/4 + 2*i**3/3 + 2*i + 2. Calculate f(t).
-7
Let j(t) be the third derivative of -t**6/60 + t**5/30 + t**4/24 + t**3/6 + t**2. Suppose 48 = -2*b + 52. Give j(b).
-5
Let t(u) = 3*u**3 + u**2 + 3*u - 3. Suppose 0 = 3*o - 13 + 28. Let x(m) = 4*m**3 + m**2 + 4*m - 4. Let h(w) = o*t(w) + 4*x(w). Calculate h(3).
20
Let t be (12/(-9))/(2/(-3)). Let l(y) = t + 0 - 5*y + 4*y. Determine l(7).
-5
Let v(j) = j**3 - 10*j**2 + 12*j + 13. Suppose -4*x + n + 31 = 0, -3*n + 8*n - 25 = 0. Calculate v(x).
40
Let t(l) be the first derivative of -32 + 10*l + 1/2*l**2. Determine t(-5).
5
Let c be (-4)/(-38) - 2046/(-418). Let y(x) = -2*x - 3 - 7 + 3*x + 6*x. Let i(g) = 11*g - 15. Let r(d) = 5*i(d) - 8*y(d). Give r(c).
0
Let v(a) = -a**2 - 5*a + 2. Let q be v(-3). Let z(c) = 13*c - 5*c - 6 - q*c + c**3. Let p = 1 - 1. What is z(p)?
-6
Let r(w) = -2*w**2 - 2*w - 1. Let h be ((-15)/(-8))/(-5) + 357/(-136). Give r(h).
-13
Suppose 4*j - 14 = -m, -4*j = -m - 5 + 3. Let b(d) be the third derivative of 0*d + 0 - 7*d**2 - 1/120*d**m - 1/12*d**4 + 1/20*d**5 + 1/2*d**3. Determine b(2).
3
Suppose 4 = 5*f - 1. Let t(y) = -y**3 - y**2 + y + 1. Let o(u) = -7*u**3 + u + 6. Let w(m) = m**2 + m - 4. Let h be w(0). Let s(l) = f*o(l) + h*t(l). Give s(2).
-12
Let v(g) be the first derivative of -7*g**3/3 - g**2/2 - 2*g + 271. Determine v(-2).
-28
Let f be (-56)/196 - (-2 - (-150)/14). Let q(w) = -3*w**3 - 6*w**2 + 3*w - 2. Let j(a) = 7*a**3 + 13*a**2 - 7*a + 4. Let o(y) = f*q(y) - 4*j(y). What is o(3)?
-4
Let a(y) = -y**3 - 7*y**2 - 4*y + 3. Let l(i) = -i**3 - 5*i**2 - 4*i + 2. Let v(m) = -5*a(m) + 6*l(m). Give v(5).
-23
Suppose 4 = -4*n - 4. Let z(g) = g + 3. Let q be z(n). Let j(o) = -o + 1. Determine j(q).
0
Let j(k) = k + 2. Let x be j(1). Suppose -w - b - x = -11, -2*w + 2*b - 4 = 0. Let s(h) = h**3 - 2*h**2 - 2*h - 3. Determine s(w).
0
Suppose 4 = 2*b - 8. Suppose -2*z + b = 5*d, 12 = 4*d - z + 2. Let q(h) = 12*h**3 + 2*h**2 - d*h**2 - 1. Calculate q(-1).
-13
Let q(v) = -2 + 4*v - 3*v + 5 - 5. Let y(g) = g - 3. Let x(d) = 6*q(d) - 5*y(d). Calculate x(-8).
-5
Let h = 11 + -8. Let k = 31 - 29. Let z(w) = 0*w**2 + 0*w**2 - h + w**k - w. Calculate z(3).
3
Let z(d) be the third derivative of -1/24*d**4 - 3*d**2 + 0 + 0*d + 1/12*d**5 - 1/120*d**6 + 1/3*d**3. Let x = 0 - -5. Determine z(x).
-3
Let k(i) = i**3 - 8*i**2 + 8*i + 15. Let l be k(6). Let a(y) = y**2 + 11*y + 6. Calculate a(l).
-12
Let y = -307 + 310. Let h(f) = -5*f + 4. Give h(y).
-11
Suppose 0 = -5*m - 5*v - 280, 120 = -2*m - 4*v - 0*v. Let w = 53 + m. Let d(s) = 4*s**2 - 2*s + 1. Give d(w).
3
Let z(k) = -8*k - 3. Let x(j) = 9*j - 101. Let g be x(11). Give z(g).
13
Let n(z) = 13*z - 1. Let t(o) = 3*o**2 + 2 + 9*o + 0*o**2 + 4*o**2 + o**3 - 6. Let i be t(-5). Give n(i).
12
Suppose 0 = 2*k + m - 12 - 10, 2*m + 16 = 2*k. Suppose 4*w + u = 0, 2*w - 3*u - k = -u. Let c(x) = -3*x. Calculate c(w).
-3
Let l(i) = -4*i**2 - 2*i**3 + 4*i**3 + 1 + 0*i**3 + 0. Give l(3).
19
Let u(o) = 2*o**2 - 3*o - 13. Let q be u(-4). Suppose q - 1 = 10*f. Let n(z) be the second derivative of -z**3/6 - 2*z**2 + z. Give n(f).
-7
Let p = -59 - -66. Let o(i) = -2*i + 2*i - p*i. Give o(2).
-14
Let b(o) be the first derivative of -5 + 0*o + 3*o**2 - 1/24*o**4 + 5/6*o**3. Let s(m) be the second derivative of b(m). Determine s(0).
5
Let k(y) be the second derivative of 5*y**3/6 + 51*y**2/2 + 54*y - 4. What is k(-9)?
6
Suppose -n - 20 = 3*n. Let r(a) = -3*a - 11. Suppose 4*h - 6 = -2*g, 0 = -0*g - 4*g + h + 12. Let v(w) = -2*w - 6. Let s(f) = g*r(f) + n*v(f). Determine s(5).
2
Let c(g) = -g**3 + g**2 + g + 12. Let a(h) = h. Let m(y) = 5*y + 66. Let o(k) = -6*a(k) - m(k). Let t be o(-6). Give c(t).
12
Let b(f) be the second derivative of 1/2*f**2 + 0 - 1/6*f**3 + 1/20*f**5 - 1/12*f**4 + 26*f. Calculate b(1).
0
Let j(w) = w**2 - 5*w + 4. Let z be (-108)/(-81) + (-8)/(-3). Calculate j(z).
0
Let w(i) be the third derivative of -i**5/20 - i**4/24 + 3*i**3 + i**2. Let u(x) be the first derivative of w(x). Give u(-1).
5
Suppose 2*a - o - 5 = 0, o + 2*o + 5 = a. Let k = 0 + a. Suppose -2*j + k = 8. Let d(w) = 2*w + 1. Calculate d(j).
-5
Let d(c) be the third derivative of -c**4/24 + c**3/3 - 5*c**2 - 7. Give d(4).
-2
Let m(i) = -2 + i**3 + 1 + 5*i - 4*i. Let t(r) = 7 - 5*r**2 - 5*r**3 - 2*r + 0*r**3 - r - 1. Let w(f) = -6*m(f) - t(f). What is w(3)?
9
Let o(w) = w**3 - 7*w**2 - 3*w + 1. Suppose -4*t + 202 = 174. Calculate o(t).
-20
Let m(n) = -n**3 - 6*n**3 - 3*n**3 + 1 + 5*n**3. What is m(-1)?
6
Let q(s) = -s**3 + 7*s**2 - 4*s - 5. Let u(n) = -4*n**2 + 15*n + 10. Let b be u(4). Determine q(b).
7
Let u(m) = -4*m**3 + 3*m**2 + 3*m + 14. Let p(a) = 4*a**3 - 3*a**2 - 2*a - 11. Let l(t) = 5*p(t) + 4*u(t). Determine l(2).
25
Suppose 0 = -4*o - c + 169, 0 = 3*o + 4*c + 27 - 170. Let d(r) = 46*r - 86*r + 11 + o*r. Calculate d(-14).
-3
Let s(n) = 2*n**2 - 15 - 12*n - n**2 + 3*n**2 - 2*n**2 - n**2. Calculate s(12).
-15
Let k = -23 + 26. Let c(j) = -j**3 + 3*j**2 + j + 2. Let x(t) = -2*t**3 + 6*t**2 + 2*t + 4. Let m(n) = 7*c(n) - 4*x(n). Calculate m(k).
-5
Let n(o) = -3*o**3 - o**2 - 4. Let g(u) = 3*u**3 + u**2 + 3. Let k(l) = -4*g(l) - 3*n(l). Determine k(-1).
2
Let y(q) = -48*q - 345. Let l be y(-7). Let k(d) = -d**3 - 8*d**2 + 9*d - 20. What is k(l)?
-20
Let g = 24 - 22. Let w(j) = 1 - j**g - 40*j + 41*j + 1. What is w(-2)?
-4
Let p be (7 + -3)*(-4 - 51/(-12)). Let r(y) = -5*y**3 - 2*y**2 + y. Determine r(p).
-6
Let p(j) = -j**2 - 2*j + 2. Let a = 54 - 41. Suppose -5*r + 4*c = a, 3*r + 2*c = 3*c - 12. Calculate p(r).
-13
Suppose 0 = -12*d - 53 + 113. Let v be (0 - 0) + 4 + -2. Let h(r) = 3 + 0*r**2 + 5*r**v - r**3 - r + 0*r. Determine h(d).
-2
Let n = 15 - 24. Let z be 1/(-1*3/n). Let w(u) = 5*u**2 + 5 - z*u**2 - 3 + 2*u - 6. What is w(-3)?
8
Let c(s) = -16*s**3 + 5*s**2 + 2. Let x(l) = 8*l**3 - 2*l**2 - 1. Let u(n) = 4*c(n) + 9*x(n). Give u(-1).
-7
Suppose 5*d - 7 = -4*y, 0 = 5*d + 2*y - 5 - 6. Let n(v) = 3*v**2 - v + 1 - 1 + 0*v**3 - v**3 + 1 - 3*v. What is n(d)?
-11
Let b(v) = v**2 + 5*v - 6. Let p = -2 - 4. Let z be b(p). Let j(m) be the third derivative of -m**4/24 + 7*m**3/6 + 273*m**2. Determine j(z).
7
Let j(m) = m + 11. Suppose -3*x = -57*y + 56*y - 13, -3*y - 25 = -2*x. Determine j(y).
4
Let m(y) = -7*y**2 - 1 + 3023*y - 1506*y - 1515*y. Give m(2).
-25
Let o be 2/(-1)*((-680)/16)/17. Let h(w) = -4 + w**2 - 4*w + o - 2*w**2. Determine h(-4).
1
Let p be (6 + 1 + -6)/((-2)/(-4)). Let g(j) = 8*j**3 - 7*j**3 - 5*j**p - 4*j + 0*j + 0*j - 7. Calculate g(6).
5
Let b be (-104)/17 + 36/306. Let h(r) = r**2 + r + 2. Calculate h(b).
32
Suppose 3*i - 1 = 2. Let d = i + -1. Let y(j) be the second derivative of j**3/6 - 5*j**2/2 + 49*j. Give y(d).
-5
Let t(u) = -u**2 - 14*u + 14. Suppose 0 = -2*q + 2, -9*s + 5*s = 3*q + 41. Determine t(s).
47
Let j(s) = -2*s**3 - s**2 + 11. Suppose 2*o - 3*p + 7 = 0, -4*p + 4 + 8 = -3*o. Let h(g) = 5*g**3 + 3*g**2 - 32. Let u(n) = o*j(n) - 3*h(n). Give u(0).
8
Let u = 28 + -28. Suppose 0 - 24 = -4*j. Let s(h) = -11*h + j*h - 3 + u + h**2. Calculate s(6).
3
Let q(d) = -13*d + 3. Suppose 36 - 29 = 7*c. Give q(c).
-10
Let k(q) be the first derivative of -57 + 41 + 0*q + q**2 - 2*q. Give k(4).
6
Suppose -6*u + 20 = 8. Let y(n) = -n + 4. What is y(u)?
2
Let c(t) be the third derivative of t**5/60 + t**4/4 - 2*t**3/3 - 14*t**2. Suppose 11*p + 38 = -39. What is c(p)?
3
Let k(h) be the third derivative of -h**4/24 + 2*h**3/3 + h**2. Suppose o - 3*c + c = 10, -2*o + c + 14 = 0. What is k(o)?
-2
Let t(w) be the third derivative of -w**6/120 + 11*w**5/60 + w**4/2 + 7*w**3/6 - 30*w**2 - 1. Calculate t(12).
7
Let h(f) = f + 6. Let x be h(-12). Let b(l) = -l + 1. Let j(d) = -2*d + 1. Let g(z) = x*j(z) + 13*b(z). Suppose y = -y + 6. Give g(y).
4
Let z = 16 - 13. Let c(w) = -5 + 28*w**z - 29*w**3 - 9*w**2 + w + 3*w**2. Determine c(-6).
-11
Let d(c